{"id":6997,"date":"2022-04-01T14:22:58","date_gmt":"2022-04-01T14:22:58","guid":{"rendered":"https:\/\/resilienceconference.cip.org.pe\/?page_id=6997"},"modified":"2022-04-01T14:38:56","modified_gmt":"2022-04-01T14:38:56","slug":"nota-conteptual","status":"publish","type":"page","link":"https:\/\/resilienceconference.cip.org.pe\/?page_id=6997&lang=es","title":{"rendered":"NOTA CONCEPTTUAL"},"content":{"rendered":"\t\t<div data-elementor-type=\"wp-post\" data-elementor-id=\"6997\" class=\"elementor elementor-6997\">\n\t\t\t\t\t\t\t\t\t<section class=\"elementor-section elementor-top-section elementor-element elementor-element-c8827ac elementor-section-full_width elementor-section-height-default elementor-section-height-default\" data-id=\"c8827ac\" data-element_type=\"section\">\n\t\t\t\t\t\t<div class=\"elementor-container elementor-column-gap-no\">\n\t\t\t\t\t<div class=\"elementor-column elementor-col-100 elementor-top-column elementor-element elementor-element-9998440\" data-id=\"9998440\" data-element_type=\"column\">\n\t\t\t<div class=\"elementor-widget-wrap elementor-element-populated\">\n\t\t\t\t\t\t\t\t<div class=\"elementor-element elementor-element-997e219 elementor-widget elementor-widget-ova_slideshow\" data-id=\"997e219\" data-element_type=\"widget\" data-widget_type=\"ova_slideshow.default\">\n\t\t\t\t<div class=\"elementor-widget-container\">\n\t\t\t\t\t<div class=\"ova_slideshow elementor-slides-wrapper dots_style \" dir=\"ltr\">\n\t\t\t<div class=\"elementor-slides owl-carousel owl-theme owl-loaded arrows-inside arrows-show-always dots-bottom animated owl-animated-out owl-animated-in\" data-owl_carousel=\"{&quot;items&quot;:1,&quot;singleItem&quot;:1,&quot;autoplayTimeout&quot;:10000,&quot;autoplay&quot;:false,&quot;loop&quot;:false,&quot;nav&quot;:true,&quot;dots&quot;:true,&quot;rtl&quot;:false,&quot;dotsClass&quot;:&quot;owl-dots&quot;,&quot;mouseDrag&quot;:false,&quot;navText&quot;:[&quot;&lt;i class=\\&quot;ti-angle-left\\&quot;&gt;&lt;\\\/i&gt;&quot;,&quot;&lt;i class=\\&quot;ti-angle-right\\&quot;&gt;&lt;\\\/i&gt;&quot;]}\">\n\t\t\t\t<div class=\" elementor-repeater-item-741fb1a items\" data-dot=\" <div>Slide 1<\/div> <button><span><\/span><\/button>\"><div class=\" slide-bg\" ><\/div>\n\t\t\t<div class=\"slide-inner\"><div class=\"container\"><div class=\"row\"><div class=\"elementor-slide-content\"><div class=\"second_font elementor-slide-subtitle\"><span class=\"second_font elementor-slide-date\"><i class=\"ti-alarm-clock\"><\/i>Jueves 05 Mayo 2022, 7:30 am, hora de New York<\/span><span class=\"second_font elementor-slide-location\"><i class=\"ti-location-pin\"><\/i>Evento Virtual <\/span><\/div><div class=\"second_font elementor-slide-title \">CONFERENCIA<\/div><div class=\"elementor-slide-description\">INGENIER\u00cdA Y RESILIENCIA EN LA GESTI\u00d3N DEL RIESGO DE DESASTRES PARA EL DESARROLLO SOSTENIBLE<\/div><a href=\"https:\/\/resilienceconference.cip.org.pe\/\" class=\"elementor-slide-button style_2\"><\/a><\/div><\/div><\/div><\/div><\/div>\t\t\t<\/div>\n\t\t<\/div>\n\t\t\t\t<\/div>\n\t\t\t\t<\/div>\n\t\t\t\t\t<\/div>\n\t\t<\/div>\n\t\t\t\t\t\t\t<\/div>\n\t\t<\/section>\n\t\t\t\t<section class=\"elementor-section elementor-top-section elementor-element elementor-element-347969b elementor-section-boxed elementor-section-height-default elementor-section-height-default\" data-id=\"347969b\" data-element_type=\"section\">\n\t\t\t\t\t\t<div class=\"elementor-container elementor-column-gap-default\">\n\t\t\t\t\t<div class=\"elementor-column elementor-col-100 elementor-top-column elementor-element elementor-element-afa260c\" data-id=\"afa260c\" data-element_type=\"column\">\n\t\t\t<div class=\"elementor-widget-wrap elementor-element-populated\">\n\t\t\t\t\t\t\t\t<div class=\"elementor-element elementor-element-d4c4249 elementor-widget elementor-widget-ova_time_countdown\" data-id=\"d4c4249\" data-element_type=\"widget\" data-widget_type=\"ova_time_countdown.default\">\n\t\t\t\t<div class=\"elementor-widget-container\">\n\t\t\t\t\t<div class=\"ova_time_countdown\">\n\t\t\t<div class=\"due_date\" data-day=\"2022-05-05 09:13\"><\/div>\n\t\t<\/div>\n\t\t\t\t<\/div>\n\t\t\t\t<\/div>\n\t\t\t\t\t<\/div>\n\t\t<\/div>\n\t\t\t\t\t\t\t<\/div>\n\t\t<\/section>\n\t\t\t\t<section class=\"elementor-section elementor-top-section elementor-element elementor-element-6f117214 elementor-section-boxed elementor-section-height-default elementor-section-height-default\" data-id=\"6f117214\" data-element_type=\"section\">\n\t\t\t\t\t\t<div class=\"elementor-container elementor-column-gap-narrow\">\n\t\t\t\t\t<div class=\"elementor-column elementor-col-100 elementor-top-column elementor-element elementor-element-304c80a\" data-id=\"304c80a\" data-element_type=\"column\">\n\t\t\t<div class=\"elementor-widget-wrap elementor-element-populated\">\n\t\t\t\t\t\t\t\t<section class=\"elementor-section elementor-inner-section elementor-element elementor-element-9cf6499 elementor-section-boxed elementor-section-height-default elementor-section-height-default\" data-id=\"9cf6499\" data-element_type=\"section\">\n\t\t\t\t\t\t<div class=\"elementor-container elementor-column-gap-default\">\n\t\t\t\t\t<div class=\"elementor-column elementor-col-16 elementor-inner-column elementor-element elementor-element-2077c48\" data-id=\"2077c48\" data-element_type=\"column\">\n\t\t\t<div class=\"elementor-widget-wrap elementor-element-populated\">\n\t\t\t\t\t\t\t\t<div class=\"elementor-element elementor-element-96bdbe2 elementor-widget elementor-widget-image\" data-id=\"96bdbe2\" data-element_type=\"widget\" data-widget_type=\"image.default\">\n\t\t\t\t<div class=\"elementor-widget-container\">\n\t\t\t<style>\/*! elementor - v3.6.1 - 23-03-2022 *\/\n.elementor-widget-image{text-align:center}.elementor-widget-image a{display:inline-block}.elementor-widget-image a img[src$=\".svg\"]{width:48px}.elementor-widget-image img{vertical-align:middle;display:inline-block}<\/style>\t\t\t\t\t\t\t\t\t\t\t\t\t<a href=\"http:\/\/www.wfeo.org\/\" target=\"_blank\">\n\t\t\t\t\t\t\t<img loading=\"lazy\" decoding=\"async\" width=\"1500\" height=\"299\" src=\"https:\/\/resilienceconference.cip.org.pe\/wp-content\/uploads\/2022\/03\/WFEO-on-white-background.jpg\" class=\"attachment-full size-full\" alt=\"\" srcset=\"https:\/\/resilienceconference.cip.org.pe\/wp-content\/uploads\/2022\/03\/WFEO-on-white-background.jpg 1500w, https:\/\/resilienceconference.cip.org.pe\/wp-content\/uploads\/2022\/03\/WFEO-on-white-background-300x60.jpg 300w, https:\/\/resilienceconference.cip.org.pe\/wp-content\/uploads\/2022\/03\/WFEO-on-white-background-1024x204.jpg 1024w, https:\/\/resilienceconference.cip.org.pe\/wp-content\/uploads\/2022\/03\/WFEO-on-white-background-768x153.jpg 768w\" sizes=\"(max-width: 1500px) 100vw, 1500px\" \/>\t\t\t\t\t\t\t\t<\/a>\n\t\t\t\t\t\t\t\t\t\t\t\t\t\t\t<\/div>\n\t\t\t\t<\/div>\n\t\t\t\t\t<\/div>\n\t\t<\/div>\n\t\t\t\t<div class=\"elementor-column elementor-col-16 elementor-inner-column elementor-element elementor-element-aebef3a\" data-id=\"aebef3a\" data-element_type=\"column\">\n\t\t\t<div class=\"elementor-widget-wrap elementor-element-populated\">\n\t\t\t\t\t\t\t\t<div class=\"elementor-element elementor-element-130d4b5 elementor-widget elementor-widget-image\" data-id=\"130d4b5\" data-element_type=\"widget\" data-widget_type=\"image.default\">\n\t\t\t\t<div class=\"elementor-widget-container\">\n\t\t\t\t\t\t\t\t\t\t\t\t\t\t\t\t<a href=\"http:\/\/www.wfeo.org\/committee-disaster-risk-management\/\" target=\"_blank\">\n\t\t\t\t\t\t\t<img loading=\"lazy\" decoding=\"async\" width=\"225\" height=\"225\" src=\"https:\/\/resilienceconference.cip.org.pe\/wp-content\/uploads\/2019\/05\/wfeo-cdrm.jpg\" class=\"attachment-full size-full\" alt=\"\" srcset=\"https:\/\/resilienceconference.cip.org.pe\/wp-content\/uploads\/2019\/05\/wfeo-cdrm.jpg 225w, https:\/\/resilienceconference.cip.org.pe\/wp-content\/uploads\/2019\/05\/wfeo-cdrm-150x150.jpg 150w, https:\/\/resilienceconference.cip.org.pe\/wp-content\/uploads\/2019\/05\/wfeo-cdrm-200x200.jpg 200w\" sizes=\"(max-width: 225px) 100vw, 225px\" \/>\t\t\t\t\t\t\t\t<\/a>\n\t\t\t\t\t\t\t\t\t\t\t\t\t\t\t<\/div>\n\t\t\t\t<\/div>\n\t\t\t\t\t<\/div>\n\t\t<\/div>\n\t\t\t\t<div class=\"elementor-column elementor-col-16 elementor-inner-column elementor-element elementor-element-43209e7\" data-id=\"43209e7\" data-element_type=\"column\">\n\t\t\t<div class=\"elementor-widget-wrap elementor-element-populated\">\n\t\t\t\t\t\t\t\t<div class=\"elementor-element elementor-element-eba25b2 elementor-widget elementor-widget-image\" data-id=\"eba25b2\" data-element_type=\"widget\" data-widget_type=\"image.default\">\n\t\t\t\t<div class=\"elementor-widget-container\">\n\t\t\t\t\t\t\t\t\t\t\t\t\t\t\t\t<a href=\"https:\/\/www.cip.org.pe\/\" target=\"_blank\">\n\t\t\t\t\t\t\t<img decoding=\"async\" src=\"https:\/\/resilienceconference.cip.org.pe\/wp-content\/uploads\/2019\/05\/cip.png\" title=\"cip\" alt=\"cip\" \/>\t\t\t\t\t\t\t\t<\/a>\n\t\t\t\t\t\t\t\t\t\t\t\t\t\t\t<\/div>\n\t\t\t\t<\/div>\n\t\t\t\t\t<\/div>\n\t\t<\/div>\n\t\t\t\t<div class=\"elementor-column elementor-col-16 elementor-inner-column elementor-element elementor-element-6566f40\" data-id=\"6566f40\" data-element_type=\"column\">\n\t\t\t<div class=\"elementor-widget-wrap elementor-element-populated\">\n\t\t\t\t\t\t\t\t<div class=\"elementor-element elementor-element-6d30d2b elementor-widget elementor-widget-image\" data-id=\"6d30d2b\" data-element_type=\"widget\" data-widget_type=\"image.default\">\n\t\t\t\t<div class=\"elementor-widget-container\">\n\t\t\t\t\t\t\t\t\t\t\t\t\t\t\t\t<a href=\"https:\/\/www.unesco.org\/en\" target=\"_blank\">\n\t\t\t\t\t\t\t<img loading=\"lazy\" decoding=\"async\" width=\"300\" height=\"64\" src=\"https:\/\/resilienceconference.cip.org.pe\/wp-content\/uploads\/2019\/05\/UNESCO_logo_hor_blue-300x64.png\" class=\"attachment-medium size-medium\" alt=\"\" srcset=\"https:\/\/resilienceconference.cip.org.pe\/wp-content\/uploads\/2019\/05\/UNESCO_logo_hor_blue-300x64.png 300w, https:\/\/resilienceconference.cip.org.pe\/wp-content\/uploads\/2019\/05\/UNESCO_logo_hor_blue-1024x217.png 1024w, https:\/\/resilienceconference.cip.org.pe\/wp-content\/uploads\/2019\/05\/UNESCO_logo_hor_blue-768x163.png 768w, https:\/\/resilienceconference.cip.org.pe\/wp-content\/uploads\/2019\/05\/UNESCO_logo_hor_blue-1536x326.png 1536w, https:\/\/resilienceconference.cip.org.pe\/wp-content\/uploads\/2019\/05\/UNESCO_logo_hor_blue.png 1920w\" sizes=\"(max-width: 300px) 100vw, 300px\" \/>\t\t\t\t\t\t\t\t<\/a>\n\t\t\t\t\t\t\t\t\t\t\t\t\t\t\t<\/div>\n\t\t\t\t<\/div>\n\t\t\t\t\t<\/div>\n\t\t<\/div>\n\t\t\t\t<div class=\"elementor-column elementor-col-16 elementor-inner-column elementor-element elementor-element-51d3489\" data-id=\"51d3489\" data-element_type=\"column\">\n\t\t\t<div class=\"elementor-widget-wrap elementor-element-populated\">\n\t\t\t\t\t\t\t\t<div class=\"elementor-element elementor-element-bddcbb7 elementor-widget elementor-widget-image\" data-id=\"bddcbb7\" data-element_type=\"widget\" data-widget_type=\"image.default\">\n\t\t\t\t<div class=\"elementor-widget-container\">\n\t\t\t\t\t\t\t\t\t\t\t\t\t\t\t\t<a href=\"https:\/\/council.science\/\" target=\"_blank\">\n\t\t\t\t\t\t\t<img loading=\"lazy\" decoding=\"async\" width=\"1007\" height=\"289\" src=\"https:\/\/resilienceconference.cip.org.pe\/wp-content\/uploads\/2022\/03\/ISC_Logo_RGB_Lock-up-with-strapline_dark-blue-2.png\" class=\"attachment-full size-full\" alt=\"\" srcset=\"https:\/\/resilienceconference.cip.org.pe\/wp-content\/uploads\/2022\/03\/ISC_Logo_RGB_Lock-up-with-strapline_dark-blue-2.png 1007w, https:\/\/resilienceconference.cip.org.pe\/wp-content\/uploads\/2022\/03\/ISC_Logo_RGB_Lock-up-with-strapline_dark-blue-2-300x86.png 300w, https:\/\/resilienceconference.cip.org.pe\/wp-content\/uploads\/2022\/03\/ISC_Logo_RGB_Lock-up-with-strapline_dark-blue-2-768x220.png 768w\" sizes=\"(max-width: 1007px) 100vw, 1007px\" \/>\t\t\t\t\t\t\t\t<\/a>\n\t\t\t\t\t\t\t\t\t\t\t\t\t\t\t<\/div>\n\t\t\t\t<\/div>\n\t\t\t\t\t<\/div>\n\t\t<\/div>\n\t\t\t\t<div class=\"elementor-column elementor-col-16 elementor-inner-column elementor-element elementor-element-e7b33d0\" data-id=\"e7b33d0\" data-element_type=\"column\">\n\t\t\t<div class=\"elementor-widget-wrap elementor-element-populated\">\n\t\t\t\t\t\t\t\t<div class=\"elementor-element elementor-element-5e713ae elementor-widget elementor-widget-image\" data-id=\"5e713ae\" data-element_type=\"widget\" data-widget_type=\"image.default\">\n\t\t\t\t<div class=\"elementor-widget-container\">\n\t\t\t\t\t\t\t\t\t\t\t\t\t\t\t\t<a href=\"https:\/\/www.asce.org\/\" target=\"_blank\">\n\t\t\t\t\t\t\t<img loading=\"lazy\" decoding=\"async\" width=\"1097\" height=\"424\" src=\"https:\/\/resilienceconference.cip.org.pe\/wp-content\/uploads\/2022\/03\/ASCE_logo_tagline_regmrk_RGB-1.jpg\" class=\"attachment-full size-full\" alt=\"\" srcset=\"https:\/\/resilienceconference.cip.org.pe\/wp-content\/uploads\/2022\/03\/ASCE_logo_tagline_regmrk_RGB-1.jpg 1097w, https:\/\/resilienceconference.cip.org.pe\/wp-content\/uploads\/2022\/03\/ASCE_logo_tagline_regmrk_RGB-1-300x116.jpg 300w, https:\/\/resilienceconference.cip.org.pe\/wp-content\/uploads\/2022\/03\/ASCE_logo_tagline_regmrk_RGB-1-1024x396.jpg 1024w, https:\/\/resilienceconference.cip.org.pe\/wp-content\/uploads\/2022\/03\/ASCE_logo_tagline_regmrk_RGB-1-768x297.jpg 768w\" sizes=\"(max-width: 1097px) 100vw, 1097px\" \/>\t\t\t\t\t\t\t\t<\/a>\n\t\t\t\t\t\t\t\t\t\t\t\t\t\t\t<\/div>\n\t\t\t\t<\/div>\n\t\t\t\t\t<\/div>\n\t\t<\/div>\n\t\t\t\t\t\t\t<\/div>\n\t\t<\/section>\n\t\t\t\t\t<\/div>\n\t\t<\/div>\n\t\t\t\t\t\t\t<\/div>\n\t\t<\/section>\n\t\t\t\t<section class=\"elementor-section elementor-top-section elementor-element elementor-element-9c6bba4 elementor-section-boxed elementor-section-height-default elementor-section-height-default\" data-id=\"9c6bba4\" data-element_type=\"section\">\n\t\t\t\t\t\t<div class=\"elementor-container elementor-column-gap-default\">\n\t\t\t\t\t<div class=\"elementor-column elementor-col-50 elementor-top-column elementor-element elementor-element-6f70f66\" data-id=\"6f70f66\" data-element_type=\"column\" data-settings=\"{&quot;background_background&quot;:&quot;classic&quot;}\">\n\t\t\t<div class=\"elementor-widget-wrap elementor-element-populated\">\n\t\t\t\t\t\t\t\t<div class=\"elementor-element elementor-element-0027524 elementor-widget elementor-widget-ova_heading\" data-id=\"0027524\" data-element_type=\"widget\" data-widget_type=\"ova_heading.default\">\n\t\t\t\t<div class=\"elementor-widget-container\">\n\t\t\t\t\t<div class=\"ova_heading\">\n\t\t\t\t\t\t\t<h1 class=\"heading_title second_font\">NOTA CONCEPTUAL<\/h1>\n\t\t\t\t\t\t\t\t<\/div>\n\t\t\t\t<\/div>\n\t\t\t\t<\/div>\n\t\t\t\t\t<\/div>\n\t\t<\/div>\n\t\t\t\t<div class=\"elementor-column elementor-col-50 elementor-top-column elementor-element elementor-element-1749089\" data-id=\"1749089\" data-element_type=\"column\">\n\t\t\t<div class=\"elementor-widget-wrap elementor-element-populated\">\n\t\t\t\t\t\t\t\t<div class=\"elementor-element elementor-element-a86cad9 elementor-widget elementor-widget-text-editor\" data-id=\"a86cad9\" data-element_type=\"widget\" data-widget_type=\"text-editor.default\">\n\t\t\t\t<div class=\"elementor-widget-container\">\n\t\t\t<style>\/*! elementor - v3.6.1 - 23-03-2022 *\/\n.elementor-widget-text-editor.elementor-drop-cap-view-stacked .elementor-drop-cap{background-color:#818a91;color:#fff}.elementor-widget-text-editor.elementor-drop-cap-view-framed .elementor-drop-cap{color:#818a91;border:3px solid;background-color:transparent}.elementor-widget-text-editor:not(.elementor-drop-cap-view-default) .elementor-drop-cap{margin-top:8px}.elementor-widget-text-editor:not(.elementor-drop-cap-view-default) .elementor-drop-cap-letter{width:1em;height:1em}.elementor-widget-text-editor .elementor-drop-cap{float:left;text-align:center;line-height:1;font-size:50px}.elementor-widget-text-editor .elementor-drop-cap-letter{display:inline-block}<\/style>\t\t\t\t<h6><strong>EVENTO PARALELO AL FORO DE LA ONU STI<\/strong><\/h6><p><strong>ANTECEDENTES<\/strong><\/p><p>El s\u00e9ptimo Foro Anual de M\u00faltiples Interesados sobre Ciencia, Tecnolog\u00eda e Innovaci\u00f3n para los ODS (Foro de CTI) se celebrar\u00e1 del 5 al 6 de mayo de 2022, convocado por el Presidente del ECOSOC. El tema del Foro de CTI est\u00e1 estrechamente alineado con el Foro Pol\u00edtico de Alto Nivel sobre el Desarrollo Sostenible de 2022 &#8211; \u00abCiencia, tecnolog\u00eda e innovaci\u00f3n para recuperarse mejor de la enfermedad del coronavirus (COVID-19), al tiempo que se avanza en la plena aplicaci\u00f3n de la Agenda 2030 para el Desarrollo Sostenible\u00bb. El Foro se centra exclusivamente en el papel y las contribuciones de la ciencia, la tecnolog\u00eda y la innovaci\u00f3n en el Objetivo de Desarrollo Sostenible de la ONU n\u00ba 4 (Educaci\u00f3n), el Objetivo n\u00ba 5 (G\u00e9nero), el Objetivo n\u00ba 14 (Vida bajo el agua), el Objetivo n\u00ba 15 (Vida en la tierra) y el Objetivo n\u00ba 17 (Asociaciones).<\/p><p>El Comit\u00e9 de la Federaci\u00f3n Mundial de Organizaciones de Ingenieros para la Gesti\u00f3n del Riesgo de Desastres (FMOI CDRM) representa a los expertos en este campo a nivel internacional. Los miembros de la Federaci\u00f3n son instituciones profesionales de ingenier\u00eda que superan los 100 pa\u00edses y representan a m\u00e1s de 30 millones de ingenieros. El Consejo Cient\u00edfico Internacional (ISC) representa a m\u00e1s de 130 sindicatos de ciencias naturales y sociales. La FMOI y el ISC son los copresidentes del Grupo Principal de Ciencia y Tecnolog\u00eda en el Grupo Principal de Partes Interesadas de la ONU. Ambas organizaciones est\u00e1n reconocidas por el ECOSOC.<\/p><p>La FMOI, la UNESCO y el ISC, en su calidad de organizaciones internacionales importantes en el \u00e1mbito de la ciencia, la tecnolog\u00eda y la ingenier\u00eda, se reunir\u00e1n en un evento paralelo que proporcionar\u00e1 un valioso asesoramiento de expertos y la creaci\u00f3n de capacidades en el \u00e1mbito de la gesti\u00f3n del riesgo de desastres y la resiliencia.<\/p><p>Los expertos internacionales miembros del CDRM de la FMOI han elaborado una importante publicaci\u00f3n titulada \u00abEngineering Resilience in Disaster Risk Management for Sustainable Development\u00bb (Ingenier\u00eda y Resiliencia en la Gesti\u00f3n del Riesgo de Desastres para el Desarrollo Sostenible), que ser\u00e1 presentada en el acto por la Dra. Shamila Nair-Bedouelle, Subdirectora General del Sector de Ciencias Naturales de la UNESCO, que tambi\u00e9n ha escrito un pr\u00f3logo.<\/p><p>El libro ofrece orientaciones sobre la planificaci\u00f3n y las pol\u00edticas para reducir el impacto de las cat\u00e1strofes naturales en zonas de alto riesgo, el dise\u00f1o y el desarrollo de sistemas de infraestructuras resistentes, sistemas de datos sobre desastres naturales y consejos sobre las mejores pr\u00e1cticas para los marcos institucionales.<\/p><p>El documento es oportuno y pertinente para los Estados miembros que se enfrentan a fen\u00f3menos naturales cada vez m\u00e1s peligrosos. Ofrece consejos pr\u00e1cticos sobre soluciones de ingenier\u00eda que permiten la resiliencia, alcanzando as\u00ed los Objetivos de Desarrollo Sostenible de la ONU. El Consejo Cient\u00edfico Internacional informar\u00e1 sobre los logros del programa de Investigaci\u00f3n Integrada sobre el Riesgo de Desastres (IRDR). Estas iniciativas mostrar\u00e1n c\u00f3mo la ciencia y la ingenier\u00eda pueden ser una poderosa palanca para acelerar el desarrollo sostenible, especialmente en las ciudades, esencial para la resiliencia contra los desastres naturales en estos entornos.<\/p><p><strong>RESULTADOS DEL EVENTO<\/strong><\/p><p>Se espera que el resultado de este evento y la publicaci\u00f3n del libro sobre las pr\u00e1cticas actuales y los enfoques de ingenier\u00eda para la gesti\u00f3n del riesgo de desastres y el informe sobre el trabajo de los cient\u00edficos en la reducci\u00f3n del riesgo de desastres sean muy valorados por los profesionales, los responsables pol\u00edticos, la industria y el mundo acad\u00e9mico sobre las estrategias m\u00e1s eficaces para hacer frente a los desastres naturales para el desarrollo sostenible.<\/p><p>Este evento aborda los principales Objetivos de Desarrollo Sostenible de la ONU: ODS 4: Educaci\u00f3n, ODS 11: Ciudades y comunidades sostenibles, ODS 14: Vida bajo el agua, ODS 15: Vida en la tierra, ODS 17: Asociaciones para los objetivos.<\/p><p><strong>FORMATO DEL EVENTO<\/strong><\/p><p>El evento incluir\u00e1 una presentaci\u00f3n plenaria del Sector de Ciencias Naturales del GAD de la UNESCO sobre la importancia de los enfoques de ingenier\u00eda para la gesti\u00f3n del riesgo de desastres y presentaciones de los autores principales, del libro sobre la gesti\u00f3n del riesgo de desastres y que representan a todas las regiones del mundo. El Director Ejecutivo del IRDR tambi\u00e9n informar\u00e1 sobre los logros del programa. La asociaci\u00f3n entre la FMOI y el ISC har\u00e1 que est\u00e9n representadas las principales organizaciones cient\u00edficas y de ingenier\u00eda de m\u00e1s de 100 naciones y que representen a m\u00e1s de 30 millones de ingenieros y cient\u00edficos.<\/p>\t\t\t\t\t\t<\/div>\n\t\t\t\t<\/div>\n\t\t\t\t<div class=\"elementor-element elementor-element-ef3d0f5 elementor-position-left elementor-view-default elementor-mobile-position-top elementor-vertical-align-top elementor-widget elementor-widget-icon-box\" data-id=\"ef3d0f5\" data-element_type=\"widget\" data-widget_type=\"icon-box.default\">\n\t\t\t\t<div class=\"elementor-widget-container\">\n\t\t\t<link rel=\"stylesheet\" href=\"https:\/\/resilienceconference.cip.org.pe\/wp-content\/plugins\/elementor\/assets\/css\/widget-icon-box.min.css\">\t\t<div class=\"elementor-icon-box-wrapper\">\n\t\t\t\t\t\t<div class=\"elementor-icon-box-icon\">\n\t\t\t\t<a class=\"elementor-icon elementor-animation-\" href=\"http:\/\/resilienceconference.cip.org.pe\/wp-content\/uploads\/2019\/05\/concept-note.pdf\" target=\"_blank\">\n\t\t\t\t<i aria-hidden=\"true\" class=\"fas fa-file-pdf\"><\/i>\t\t\t\t<\/a>\n\t\t\t<\/div>\n\t\t\t\t\t\t<div class=\"elementor-icon-box-content\">\n\t\t\t\t<h3 class=\"elementor-icon-box-title\">\n\t\t\t\t\t<a href=\"http:\/\/resilienceconference.cip.org.pe\/wp-content\/uploads\/2019\/05\/concept-note.pdf\" target=\"_blank\" >\n\t\t\t\t\t\t\t\t\t\t\t<\/a>\n\t\t\t\t<\/h3>\n\t\t\t\t\t\t\t\t\t<p class=\"elementor-icon-box-description\">\n\t\t\t\t\t\tDownload Concept Note\t\t\t\t\t<\/p>\n\t\t\t\t\t\t\t<\/div>\n\t\t<\/div>\n\t\t\t\t<\/div>\n\t\t\t\t<\/div>\n\t\t\t\t\t<\/div>\n\t\t<\/div>\n\t\t\t\t\t\t\t<\/div>\n\t\t<\/section>\n\t\t\t\t<section class=\"elementor-section elementor-top-section elementor-element elementor-element-95afb55 elementor-section-boxed elementor-section-height-default elementor-section-height-default\" data-id=\"95afb55\" data-element_type=\"section\" data-settings=\"{&quot;background_background&quot;:&quot;classic&quot;}\">\n\t\t\t\t\t\t\t<div class=\"elementor-background-overlay\"><\/div>\n\t\t\t\t\t\t\t<div class=\"elementor-container elementor-column-gap-default\">\n\t\t\t\t\t<div class=\"elementor-column elementor-col-50 elementor-top-column elementor-element elementor-element-679d43c\" data-id=\"679d43c\" data-element_type=\"column\">\n\t\t\t<div class=\"elementor-widget-wrap elementor-element-populated\">\n\t\t\t\t\t\t\t\t<div class=\"elementor-element elementor-element-81b2ffc elementor-widget elementor-widget-image\" data-id=\"81b2ffc\" data-element_type=\"widget\" data-widget_type=\"image.default\">\n\t\t\t\t<div class=\"elementor-widget-container\">\n\t\t\t\t\t\t\t\t\t\t\t\t\t\t\t<img loading=\"lazy\" decoding=\"async\" width=\"300\" height=\"111\" src=\"https:\/\/resilienceconference.cip.org.pe\/wp-content\/uploads\/2022\/03\/zoomblanco-300x111.png\" class=\"attachment-medium size-medium\" alt=\"\" srcset=\"https:\/\/resilienceconference.cip.org.pe\/wp-content\/uploads\/2022\/03\/zoomblanco-300x111.png 300w, https:\/\/resilienceconference.cip.org.pe\/wp-content\/uploads\/2022\/03\/zoomblanco.png 420w\" sizes=\"(max-width: 300px) 100vw, 300px\" \/>\t\t\t\t\t\t\t\t\t\t\t\t\t\t\t<\/div>\n\t\t\t\t<\/div>\n\t\t\t\t\t<\/div>\n\t\t<\/div>\n\t\t\t\t<div class=\"elementor-column elementor-col-50 elementor-top-column elementor-element elementor-element-a451924\" data-id=\"a451924\" data-element_type=\"column\">\n\t\t\t<div class=\"elementor-widget-wrap elementor-element-populated\">\n\t\t\t\t\t\t\t\t<div class=\"elementor-element elementor-element-b08eb41 elementor-widget__width-auto elementor-align-center elementor-widget elementor-widget-button\" data-id=\"b08eb41\" data-element_type=\"widget\" data-widget_type=\"button.default\">\n\t\t\t\t<div class=\"elementor-widget-container\">\n\t\t\t\t\t<div class=\"elementor-button-wrapper\">\n\t\t\t<a href=\"https:\/\/asce-org.zoom.us\/j\/83042255660?pwd=VjlBdHVWc0J0MFExUldNSGVSZFozdz09\" class=\"elementor-button-link elementor-button elementor-size-sm\" role=\"button\">\n\t\t\t\t\t\t<span class=\"elementor-button-content-wrapper\">\n\t\t\t\t\t\t<span class=\"elementor-button-text\">JOIN ZOOM MEETING<\/span>\n\t\t<\/span>\n\t\t\t\t\t<\/a>\n\t\t<\/div>\n\t\t\t\t<\/div>\n\t\t\t\t<\/div>\n\t\t\t\t\t<\/div>\n\t\t<\/div>\n\t\t\t\t\t\t\t<\/div>\n\t\t<\/section>\n\t\t\t\t\t\t\t<\/div>\n\t\t","protected":false},"excerpt":{"rendered":"<p>Slide 1 \u00ab> Jueves 05 Mayo 2022, 7:30 am, hora de New YorkEvento Virtual CONFERENCIAINGENIER\u00cdA Y RESILIENCIA EN LA GESTI\u00d3N DEL RIESGO DE DESASTRES PARA EL DESARROLLO SOSTENIBLE NOTA CONCEPTUAL EVENTO PARALELO AL FORO DE LA ONU STI ANTECEDENTES El s\u00e9ptimo Foro Anual de M\u00faltiples Interesados sobre Ciencia, Tecnolog\u00eda e Innovaci\u00f3n para los ODS (Foro [&hellip;]<\/p>\n","protected":false},"author":1,"featured_media":0,"parent":0,"menu_order":0,"comment_status":"closed","ping_status":"closed","template":"elementor_header_footer","meta":{"footnotes":""},"_links":{"self":[{"href":"https:\/\/resilienceconference.cip.org.pe\/index.php?rest_route=\/wp\/v2\/pages\/6997"}],"collection":[{"href":"https:\/\/resilienceconference.cip.org.pe\/index.php?rest_route=\/wp\/v2\/pages"}],"about":[{"href":"https:\/\/resilienceconference.cip.org.pe\/index.php?rest_route=\/wp\/v2\/types\/page"}],"author":[{"embeddable":true,"href":"https:\/\/resilienceconference.cip.org.pe\/index.php?rest_route=\/wp\/v2\/users\/1"}],"replies":[{"embeddable":true,"href":"https:\/\/resilienceconference.cip.org.pe\/index.php?rest_route=%2Fwp%2Fv2%2Fcomments&post=6997"}],"version-history":[{"count":8,"href":"https:\/\/resilienceconference.cip.org.pe\/index.php?rest_route=\/wp\/v2\/pages\/6997\/revisions"}],"predecessor-version":[{"id":7028,"href":"https:\/\/resilienceconference.cip.org.pe\/index.php?rest_route=\/wp\/v2\/pages\/6997\/revisions\/7028"}],"wp:attachment":[{"href":"https:\/\/resilienceconference.cip.org.pe\/index.php?rest_route=%2Fwp%2Fv2%2Fmedia&parent=6997"}],"curies":[{"name":"wp","href":"https:\/\/api.w.org\/{rel}","templated":true}]}}